umber?
True
Is 49597 composite?
False
Is 7031 prime?
False
Is 102262 composite?
True
Is 184921 a prime number?
False
Is 6737 a composite number?
False
Is 122627 a composite number?
True
Is 587 a composite number?
False
Is 52322 prime?
False
Is 3159553 a prime number?
True
Is 1438 a prime number?
False
Is 389479 prime?
True
Is 1985 a prime number?
False
Is 13579 a composite number?
True
Is 2234 a prime number?
False
Is 233003 prime?
False
Is 3831 prime?
False
Is 97099 a composite number?
True
Is 206463 a prime number?
False
Is 8141 prime?
False
Is 6779 a prime number?
True
Is 181123 a prime number?
True
Is 9871 a prime number?
True
Is 160351 prime?
False
Is 1801 composite?
False
Is 75869 a prime number?
True
Is 1501 a prime number?
False
Is 9391 a prime number?
True
Is 653669 a composite number?
True
Is 22769 a prime number?
True
Is 11359 prime?
False
Is 146651 prime?
False
Is 40787 a composite number?
False
Is 52943 composite?
True
Is 28693 a prime number?
False
Is 16673 a prime number?
True
Is 84589 prime?
True
Is 137833 prime?
False
Is 553853 composite?
True
Is 3653 a prime number?
False
Is 45098 a prime number?
False
Is 13963 a prime number?
True
Is 38741 composite?
True
Is 16869 a composite number?
True
Is 2333 a prime number?
True
Is 7463 a prime number?
False
Is 7291 composite?
True
Is 4535 a composite number?
True
Is 21857 a composite number?
True
Is 1754929 a prime number?
False
Is 262607 composite?
True
Is 530389 a composite number?
False
Is 76507 prime?
True
Is 21959 a prime number?
False
Is 20653 prime?
False
Is 4219 a prime number?
True
Is 13 prime?
True
Is 3587383 composite?
True
Is 1255 a prime number?
False
Is 477473 a prime number?
False
Is 1361 prime?
True
Is 100591 a composite number?
False
Is 67909 a composite number?
True
Is 6941 prime?
False
Is 4367 a prime number?
False
Is 62861 a composite number?
False
Is 197339 composite?
False
Is 2099 composite?
False
Is 80866 composite?
True
Is 1399171 prime?
False
Is 774767 a composite number?
True
Is 340559 prime?
True
Is 19289 a composite number?
False
Is 22769 a prime number?
True
Is 12667 composite?
True
Is 104087 composite?
False
Is 63373 a prime number?
False
Is 12515 a composite number?
True
Is 12219 composite?
True
Is 11197 prime?
True
Is 994141 composite?
False
Is 307387 a composite number?
True
Is 1128143 composite?
False
Is 20287 a composite number?
False
Is 41201 a composite number?
False
Is 85147 a composite number?
False
Is 732667 composite?
True
Is 274163 composite?
False
Is 157283 prime?
False
Is 30109 a composite number?
False
Is 4789 composite?
False
Is 45347 a prime number?
False
Is 4861 a prime number?
True
Is 1152139 a prime number?
False
Is 62459 a prime number?
True
Is 45587 a composite number?
False
Is 4309897 a prime number?
True
Is 326 a prime number?
False
Is 4553 a composite number?
True
Is 29501 composite?
False
Is 8849 a composite number?
False
Is 9469 a prime number?
False
Is 893 a prime number?
False
Is 15551 a composite number?
False
Is 420671 a prime number?
True
Is 78119 a composite number?
True
Is 5147 prime?
True
Is 63334 a prime number?
False
Is 174061 a prime number?
True
Is 1420349 a prime number?
False
Is 101293 prime?
True
Is 9986 a composite number?
True
Is 11599 composite?
True
Is 19531 a composite number?
False
Is 64139 a prime number?
False
Is 1765 a composite number?
True
Is 22537 a composite number?
True
Is 3491 a composite number?
False
Is 113891 prime?
True
Is 142319 a prime number?
True
Is 1219133 a prime number?
False
Is 112655 a composite number?
True
Is 111529 composite?
True
Is 1259 a composite number?
False
Is 11599 a composite number?
True
Is 7419 a composite number?
True
Is 1015637 prime?
False
Is 11573 composite?
True
Is 587093 a composite number?
True
Is 1321301 a composite number?
False
Is 657979 a prime number?
False
Is 2173 a prime number?
False
Is 118831 a composite number?
False
Is 937501 composite?
False
Is 53 composite?
False
Is 1109663 prime?
True
Is 4322 prime?
False
Is 6947 a composite number?
False
Is 2963 prime?
True
Is 4271 a composite number?
False
Is 14853 a prime number?
False
Is 3072749 composite?
False
Is 3017 a composite number?
True
Is 20323 prime?
True
Is 634417 a prime number?
False
Is 4553771 prime?
True
Is 225679 composite?
True
Is 5619 composite?
True
Is 40967 composite?
True
Is 10195 composite?
True
Is 84499 composite?
False
Is 506063 prime?
False
Is 33257 composite?
True
Is 4397 prime?
True
Is 148457 a composite number?
False
Is 6007 a composite number?
False
Is 9587 prime?
True
Is 10294 prime?
False
Is 25941 prime?
False
Is 1821821 a prime number?
True
Is 614609 a prime number?
True
Is 321187 prime?
True
Is 273443 prime?
False
Is 481685 prime?
False
Is 50959 a prime number?
False
Is 6121 a composite number?
False
Is 2901 a prime number?
False
Is 891183 a prime number?
False
Is 109987 a prime number?
True
Is 62357 a prime number?
False
Is 461009 composite?
False
Is 365567 a composite number?
False
Is 334 a prime number?
False
Is 78737 a prime number?
True
Is 4741 prime?
False
Is 215945 a prime number?
False
Is 311941 composite?
True
Is 1979 a prime number?
True
Is 247547 a prime number?
True
Is 129251 composite?
True
Is 14281 composite?
False
Is 16249 prime?
True
Is 238219 a prime number?
False
Is 46559 prime?
True
Is 1399 a composite number?
False
Is 112877 a composite number?
False
Is 96277 composite?
True
Is 160601 a prime number?
False
Is 3101 prime?
False
Is 161 prime?
False
Is 746137 prime?
False
Is 42589 prime?
True
Is 21427 prime?
False
Is 13945 a prime number?
False
Is 701 prime?
True
Is 17467 a prime number?
True
Is 74395 composite?
True
Is 424661 prime?
True
Is 17783 a prime number?
True
Is 3319 a composite number?
False
Is 41831 prime?
False
Is 745 composite?
True
Is 20005 a prime number?
False
Is 76853 a prime number?
False
Is 51839 a prime number?
True
Is 8002 a prime number?
False
Is 853 composite?
False
Is 3587 a composite number?
True
Is 19757 a prime number?
False
Is 1906239 a prime number?
False
Is 345489 a prime number?
False
Is 157646 a composite number?
True
Is 15073 prime?
True
Is 8861 a prime number?
True
Is 26615 composite?
True
Is 2001991 a composite number?
True
Is 17021 a prime number?
True
Is 5581 prime?
True
Is 2489 a composite number?
True
Is 61167 a prime number?
False
Is 29734 a prime number?
False
Is 2149 composite?
True
Is 3343 a prime number?
True
Is 392803 a composite number?
False
Is 17421 prime?
False
Is 901 composite?
True
Is 22405 a prime number?
False
Is 8121 prime?
False
Is 36481 a composite number?
True
Is 2138063 a composite number?
True
Is 153253 a composite number?
True
Is 1254427 composite?
False
Is 25091 a composite number?
True
Is 443483 a composite number?
True
Is 74293 a prime number?
True
Is 43373 a prime number?
False
Is 1693 a composite number?
False
Is 1823 prime?
True
Is 9111 composite?
True
Is 1055363 prime?
True
Is 232355 composite?
True
Is 655 a composite number?
True
Is 1567 prime?
True
Is 1131981 prime?
False
Is 1141 composite?
True
Is 683 prime?
True
Is 671641 composite?
True
Is 802202 a composite number?
True
Is 2309 a prime number?
True
Is 412619 a composite number?
False
Is 85747 a composite number?
True
Is 10007 prime?
True
Is 36079 a composite number?
True
Is 5669 prime?
True
Is 195623 composite?
True
Is 74489 prime?
True
Is 306655 composite?
True
Is 146581 a composite number?
False
Is 8347 a composite number?
True
Is 8339 composite?
True
Is 2927 prime?
True
Is 337 a composite number?
False
Is 138727 a composite number?
False
Is 29363 a composite number?
False
Is 14177 prime?
True
Is 61777 a prime number?
False
Is 187433 a composite number?
False
Is 61001 composite?
False
Is 1213 composite?
False
Is 20507 a composite number?
False
Is 117659 a prime number?
True
Is 530027 prime?
True
Is 102667 a prime number?
True
Is 87943 prime?
True
Is 75319 composite?
True
Is 125807 a composite number?
True
Is 410383 a composite number?
False
Is 701089 prime?
True
Is 25727 prime?
False
Is 883871 prime?
True
Is 179381 a prime number?
True
Is 120389 composite?
True
Is 212821 prime?
False
Is 231409 prime?
True
Is 443771 a prime number?
True
Is 381 composite?
True
Is 704513 composite?
True
Is 1979579 prime?
False
Is 807541 composite?
True
Is 10